{"id":9,"date":"2017-09-15T10:02:17","date_gmt":"2017-09-15T10:02:17","guid":{"rendered":"http:\/\/www.legalconsult.cz\/?page_id=9"},"modified":"2022-10-21T18:09:31","modified_gmt":"2022-10-21T18:09:31","slug":"majetkove","status":"publish","type":"page","link":"https:\/\/www.legalconsult.cz\/index.php\/majetkove\/","title":{"rendered":"Ob\u010dansk\u00e9 a majetkov\u00e9 pr\u00e1vo"},"content":{"rendered":"<p><em><span style=\"color: #333399;\">Pr\u00e1vn\u00ed poradenstv\u00ed a konzultace ve v\u0161ech ob\u010danskopr\u00e1vn\u00edch v\u011bcech<\/span><\/em><\/p>\n<hr>\n<ul>\n<li><span style=\"color: #333399;\">sepis \u017ealob, vyj\u00e1d\u0159en\u00ed, n\u00e1vrh\u016f na p\u0159edb\u011b\u017en\u00e9 opat\u0159en\u00ed, opravn\u00fdch prost\u0159edk\u016f a jin\u00fdch pr\u00e1vn\u00edch pod\u00e1n\u00ed ve v\u0161ech ob\u010danskopr\u00e1vn\u00edch \u0159\u00edzen\u00edch, zejm\u00e9na o :<\/span><\/li>\n<\/ul>\n<p><span style=\"color: #808080;\">zaplacen\u00ed dlu\u017en\u00e9 \u010d\u00e1stky<\/span><\/p>\n<p><span style=\"color: #808080;\">n\u00e1hrada \u0161kody a vyd\u00e1n\u00ed bezd\u016fvodn\u00e9ho obohacen\u00ed<\/span><\/p>\n<p><span style=\"color: #808080;\">zru\u0161en\u00ed a vypo\u0159\u00e1d\u00e1n\u00ed pod\u00edlov\u00e9ho spoluvlastnictv\u00ed<\/span><\/p>\n<p><span style=\"color: #808080;\">ochrana osobn\u00edch \u00fadaj\u016f<\/span><\/p>\n<p><span style=\"color: #808080;\">ochranu osobnosti<\/span><\/p>\n<ul>\n<li><span style=\"color: #333399;\"><span style=\"caret-color: #333399;\">pr\u00e1vn\u00ed poradenstv\u00ed v rodinn\u011bpr\u00e1vn\u00edch v\u011bcech<\/span><\/span><\/li>\n<\/ul>\n<p>man\u017eelsk\u00e9 majetkov\u00e9 pr\u00e1vo<\/p>\n<p>majetkov\u00e9 pr\u00e1vo nesezdan\u00fdch p\u00e1r\u016f<\/p>\n<p>p\u00e9\u010de o nezletil\u00e9<\/p>\n<p>sv\u00e9pr\u00e1vnost a opatrovnictv\u00ed<\/p>\n<ul>\n<li><span style=\"color: #333399;\">poradenstv\u00ed v r\u00e1mci prevence i poru\u0161en\u00ed osobnostn\u00edch pr\u00e1v<\/span> \u2013 zejm\u00e9na.:&nbsp;z\u00e1sahy do soukrom\u00edzneu\u017eit\u00ed podoby, jm\u00e9na, osobn\u00edch \u00fadaj\u016f\n<p>zneu\u017eit\u00ed obrazov\u00fdch a zvukov\u00fdch z\u00e1znam\u016f<\/p>\n<p>poradenstv\u00ed a zastupov\u00e1n\u00ed ve v\u011bcech odstran\u011bn\u00ed n\u00e1sledk\u016f z\u00e1sah\u016f a zamezen\u00ed dal\u0161\u00edch z\u00e1sah\u016f do osobnostn\u00edch pr\u00e1v &nbsp;(p\u0159edev\u0161\u00edm mimosoudn\u00ed \u0159e\u0161en\u00ed, tak\u00e9 i&nbsp;v ob\u010danskopr\u00e1vn\u00edch sporech na ochranu osobnosti)<\/li>\n<\/ul>\n","protected":false},"excerpt":{"rendered":"<p>Pr\u00e1vn\u00ed poradenstv\u00ed a konzultace ve v\u0161ech ob\u010danskopr\u00e1vn\u00edch v\u011bcech sepis \u017ealob, vyj\u00e1d\u0159en\u00ed, n\u00e1vrh\u016f na p\u0159edb\u011b\u017en\u00e9 opat\u0159en\u00ed, opravn\u00fdch prost\u0159edk\u016f a jin\u00fdch pr\u00e1vn\u00edch pod\u00e1n\u00ed ve v\u0161ech ob\u010danskopr\u00e1vn\u00edch \u0159\u00edzen\u00edch, zejm\u00e9na o : zaplacen\u00ed dlu\u017en\u00e9 \u010d\u00e1stky n\u00e1hrada \u0161kody a vyd\u00e1n\u00ed bezd\u016fvodn\u00e9ho obohacen\u00ed zru\u0161en\u00ed a vypo\u0159\u00e1d\u00e1n\u00ed pod\u00edlov\u00e9ho spoluvlastnictv\u00ed ochrana osobn\u00edch \u00fadaj\u016f ochranu osobnosti pr\u00e1vn\u00ed poradenstv\u00ed v rodinn\u011bpr\u00e1vn\u00edch v\u011bcech man\u017eelsk\u00e9 majetkov\u00e9 pr\u00e1vo [&hellip;]<\/p>\n","protected":false},"author":1,"featured_media":99,"parent":0,"menu_order":0,"comment_status":"closed","ping_status":"closed","template":"","meta":{"ocean_post_layout":"full-screen","ocean_both_sidebars_style":"","ocean_both_sidebars_content_width":0,"ocean_both_sidebars_sidebars_width":0,"ocean_sidebar":"0","ocean_second_sidebar":"0","ocean_disable_margins":"enable","ocean_add_body_class":"","ocean_shortcode_before_top_bar":"","ocean_shortcode_after_top_bar":"","ocean_shortcode_before_header":"","ocean_shortcode_after_header":"","ocean_has_shortcode":"","ocean_shortcode_after_title":"","ocean_shortcode_before_footer_widgets":"","ocean_shortcode_after_footer_widgets":"","ocean_shortcode_before_footer_bottom":"","ocean_shortcode_after_footer_bottom":"","ocean_display_top_bar":"off","ocean_display_header":"default","ocean_header_style":"","ocean_center_header_left_menu":"0","ocean_custom_header_template":"0","ocean_custom_logo":0,"ocean_custom_retina_logo":0,"ocean_custom_logo_max_width":0,"ocean_custom_logo_tablet_max_width":0,"ocean_custom_logo_mobile_max_width":0,"ocean_custom_logo_max_height":0,"ocean_custom_logo_tablet_max_height":0,"ocean_custom_logo_mobile_max_height":0,"ocean_header_custom_menu":"0","ocean_menu_typo_font_family":"0","ocean_menu_typo_font_subset":"","ocean_menu_typo_font_size":0,"ocean_menu_typo_font_size_tablet":0,"ocean_menu_typo_font_size_mobile":0,"ocean_menu_typo_font_size_unit":"px","ocean_menu_typo_font_weight":"","ocean_menu_typo_font_weight_tablet":"","ocean_menu_typo_font_weight_mobile":"","ocean_menu_typo_transform":"","ocean_menu_typo_transform_tablet":"","ocean_menu_typo_transform_mobile":"","ocean_menu_typo_line_height":0,"ocean_menu_typo_line_height_tablet":0,"ocean_menu_typo_line_height_mobile":0,"ocean_menu_typo_line_height_unit":"","ocean_menu_typo_spacing":0,"ocean_menu_typo_spacing_tablet":0,"ocean_menu_typo_spacing_mobile":0,"ocean_menu_typo_spacing_unit":"","ocean_menu_link_color":"","ocean_menu_link_color_hover":"","ocean_menu_link_color_active":"","ocean_menu_link_background":"","ocean_menu_link_hover_background":"","ocean_menu_link_active_background":"","ocean_menu_social_links_bg":"","ocean_menu_social_hover_links_bg":"","ocean_menu_social_links_color":"","ocean_menu_social_hover_links_color":"","ocean_disable_title":"on","ocean_disable_heading":"default","ocean_post_title":"","ocean_post_subheading":"","ocean_post_title_style":"","ocean_post_title_background_color":"","ocean_post_title_background":0,"ocean_post_title_bg_image_position":"","ocean_post_title_bg_image_attachment":"","ocean_post_title_bg_image_repeat":"","ocean_post_title_bg_image_size":"","ocean_post_title_height":0,"ocean_post_title_bg_overlay":0.5,"ocean_post_title_bg_overlay_color":"","ocean_disable_breadcrumbs":"default","ocean_breadcrumbs_color":"","ocean_breadcrumbs_separator_color":"","ocean_breadcrumbs_links_color":"","ocean_breadcrumbs_links_hover_color":"","ocean_display_footer_widgets":"off","ocean_display_footer_bottom":"off","ocean_custom_footer_template":"0","footnotes":""},"class_list":["post-9","page","type-page","status-publish","has-post-thumbnail","hentry","entry","has-media"],"_links":{"self":[{"href":"https:\/\/www.legalconsult.cz\/index.php\/wp-json\/wp\/v2\/pages\/9","targetHints":{"allow":["GET"]}}],"collection":[{"href":"https:\/\/www.legalconsult.cz\/index.php\/wp-json\/wp\/v2\/pages"}],"about":[{"href":"https:\/\/www.legalconsult.cz\/index.php\/wp-json\/wp\/v2\/types\/page"}],"author":[{"embeddable":true,"href":"https:\/\/www.legalconsult.cz\/index.php\/wp-json\/wp\/v2\/users\/1"}],"replies":[{"embeddable":true,"href":"https:\/\/www.legalconsult.cz\/index.php\/wp-json\/wp\/v2\/comments?post=9"}],"version-history":[{"count":11,"href":"https:\/\/www.legalconsult.cz\/index.php\/wp-json\/wp\/v2\/pages\/9\/revisions"}],"predecessor-version":[{"id":473,"href":"https:\/\/www.legalconsult.cz\/index.php\/wp-json\/wp\/v2\/pages\/9\/revisions\/473"}],"wp:featuredmedia":[{"embeddable":true,"href":"https:\/\/www.legalconsult.cz\/index.php\/wp-json\/wp\/v2\/media\/99"}],"wp:attachment":[{"href":"https:\/\/www.legalconsult.cz\/index.php\/wp-json\/wp\/v2\/media?parent=9"}],"curies":[{"name":"wp","href":"https:\/\/api.w.org\/{rel}","templated":true}]}}